
What is the greatest common factor of 21642 and 1565896089?
10821
Calculate the greatest common factor of 41327 and 7187323.
143
What is the highest common divisor of 2955 and 1033265?
985
Calculate the highest common factor of 579 and 68104875.
579
What is the highest common factor of 25860 and 4002?
6
What is the highest common divisor of 1951800 and 360?
120
Calculate the highest common factor of 395734 and 79460.
58
What is the greatest common factor of 80066 and 3666696?
1634
Calculate the greatest common divisor of 64 and 2037050240.
64
What is the greatest common factor of 1448825 and 9639?
119
Calculate the highest common divisor of 163173911 and 1039.
1039
What is the greatest common factor of 63 and 8213457?
21
Calculate the highest common divisor of 11 and 1709675.
11
What is the greatest common divisor of 10240 and 13821952?
2048
What is the highest common factor of 1055 and 52785659?
211
What is the greatest common divisor of 390976 and 370312?
328
Calculate the greatest common factor of 43734240 and 726.
726
What is the highest common factor of 1126021176 and 784?
392
What is the highest common factor of 14756222 and 26?
26
What is the greatest common factor of 3743 and 140600?
19
Calculate the highest common divisor of 12645 and 26745.
15
What is the greatest common divisor of 24555 and 141780?
15
What is the highest common divisor of 1767 and 1205621?
31
Calculate the highest common divisor of 73587 and 2375.
19
What is the highest common factor of 83 and 265679514?
83
What is the highest common divisor of 227952064 and 5568?
1856
What is the greatest common factor of 616 and 18975544?
56
Calculate the highest common factor of 228 and 14163096.
12
What is the greatest common divisor of 5010 and 242980?
10
What is the highest common factor of 1078 and 278971?
77
What is the greatest common factor of 16767 and 1985796?
729
What is the greatest common divisor of 7485773 and 3763?
53
What is the greatest common divisor of 303310348 and 66?
22
What is the greatest common divisor of 476129 and 3751?
31
Calculate the highest common factor of 52094 and 94926431.
3721
What is the greatest common factor of 12105944 and 1217256?
6056
Calculate the highest common factor of 253683 and 41109.
213
Calculate the greatest common factor of 765 and 75139065.
765
Calculate the greatest common factor of 698634 and 1152.
18
What is the highest common divisor of 4585572 and 108?
108
Calculate the greatest common divisor of 19252747 and 3158.
1579
Calculate the highest common factor of 4158 and 5376.
42
What is the greatest common divisor of 61695 and 6885?
135
Calculate the highest common divisor of 153802990 and 10.
10
Calculate the highest common divisor of 890 and 10990165.
445
What is the highest common factor of 287 and 42872839?
41
What is the greatest common divisor of 4794093 and 19617?
1509
Calculate the greatest common factor of 261283974 and 49.
49
What is the highest common factor of 1029 and 1401561?
21
What is the greatest common divisor of 4780 and 736810?
10
Calculate the greatest common factor of 224 and 36536171.
7
Calculate the greatest common divisor of 6 and 92978.
2
What is the greatest common factor of 133974870 and 213?
213
What is the greatest common divisor of 670 and 160730?
10
Calculate the greatest common factor of 7834746 and 204.
6
Calculate the greatest common divisor of 492 and 10732068.
12
What is the highest common factor of 79 and 1413132013?
79
Calculate the highest common factor of 733818 and 384.
6
What is the greatest common factor of 5812 and 37132868?
5812
Calculate the highest common factor of 2827217 and 35697.
73
What is the highest common divisor of 644 and 15223460?
28
Calculate the highest common divisor of 189 and 22121127.
189
Calculate the greatest common divisor of 428250 and 339000.
750
Calculate the greatest common factor of 82555 and 49612.
79
Calculate the highest common divisor of 200816896 and 41166.
4574
Calculate the highest common divisor of 12657138 and 82678.
1234
What is the highest common divisor of 1177682 and 2479642?
5918
Calculate the highest common divisor of 29850 and 5589711.
597
Calculate the greatest common divisor of 166470 and 26040.
930
Calculate the highest common factor of 279 and 142837677.
279
Calculate the greatest common factor of 98 and 53459.
49
Calculate the greatest common divisor of 116521425 and 5.
5
Calculate the highest common factor of 1936 and 675344.
16
Calculate the greatest common divisor of 294 and 731376352.
98
Calculate the greatest common divisor of 123385953 and 358.
179
What is the greatest common divisor of 65075959 and 2379?
793
What is the highest common factor of 2992 and 2555872?
176
What is the highest common divisor of 16807275 and 225?
225
What is the highest common divisor of 127 and 93340301?
127
What is the highest common factor of 544973738 and 62?
62
Calculate the highest common factor of 131590 and 3680.
10
Calculate the highest common divisor of 8128549 and 253.
11
Calculate the greatest common factor of 168 and 2359476.
84
What is the greatest common divisor of 5783025 and 1992?
249
What is the greatest common factor of 278878908 and 11?
11
What is the greatest common divisor of 6216 and 3339672?
168
What is the highest common factor of 3216 and 35344912?
1072
What is the highest common divisor of 92582 and 11254?
34
What is the greatest common factor of 376 and 641632?
8
What is the highest common factor of 4320 and 4126680?
1080
What is the greatest common factor of 81941083 and 14063?
2009
What is the highest common divisor of 60731340 and 24?
12
Calculate the greatest common divisor of 7809 and 1074765.
411
Calculate the greatest common divisor of 4643215 and 25.
5
What is the highest common factor of 864 and 15658848?
288
What is the greatest common factor of 122323141 and 3419?
263
What is the highest common factor of 1603 and 725879?
7
Calculate the greatest common factor of 22390101 and 7663.
79
What is the greatest common divisor of 7351120 and 4208?
16
Calculate the highest common divisor of 106575771 and 51.
51
Calculate the greatest common divisor of 331151360 and 3650.
730
Calculate the highest common divisor of 363701 and 143.
13
Calculate the highest common divisor of 1349728 and 2592.
32
What is the highest common divisor of 61986113 and 399?
133
What is the highest common factor of 404181983 and 43?
43
What is the highest common factor of 279763 and 1387331?
319
What is the greatest common divisor of 393935 and 1145?
5
Calculate the greatest common divisor of 3483 and 49431.
3
Calculate the highest common divisor of 9380 and 1937642.
14
Calculate the greatest common factor of 781 and 7625321.
11
What is the greatest common divisor of 608681 and 151?
151
Calculate the greatest common divisor of 949009 and 2097.
233
Calculate the greatest common factor of 241837444 and 204.
68
What is the greatest common divisor of 140141 and 17650?
353
Calculate the highest common factor of 219 and 118818.
3
What is the highest common divisor of 26191 and 62755?
11
What is the greatest common divisor of 2383114 and 3634?
158
Calculate the greatest common factor of 48 and 88394880.
48
What is the highest common factor of 30 and 7564962?
6
What is the highest common divisor of 3380 and 3163004?
676
What is the greatest common divisor of 861366674 and 4102?
4102
Calculate the highest common divisor of 60183464 and 8228.
484
Calculate the greatest common divisor of 7195000 and 50.
50
Calculate the highest common divisor of 128877 and 86751.
357
What is the highest common factor of 8205 and 1808929?
547
What is the greatest common divisor of 38188560 and 480?
240
Calculate the greatest common divisor of 2700 and 1419300.
900
What is the highest common factor of 30954 and 1452682?
154
Calculate the highest common factor of 26076936 and 1072.
536
Calculate the highest common factor of 8 and 427270.
2
Calculate the highest common factor of 2724766 and 143.
11
Calculate the highest common factor of 5197582 and 258.
86
Calculate the highest common divisor of 275077 and 297.
11
What is the greatest common divisor of 8 and 52627?
1
What is the greatest common factor of 4458 and 81558?
6
What is the greatest common divisor of 8436673 and 501?